{"id":2111,"date":"2023-09-01T15:20:44","date_gmt":"2023-09-01T15:20:44","guid":{"rendered":"https:\/\/altisk-karcag.hu\/?page_id=2111"},"modified":"2023-10-10T13:44:51","modified_gmt":"2023-10-10T13:44:51","slug":"elerhetosegek","status":"publish","type":"page","link":"https:\/\/altisk-karcag.hu\/?page_id=2111","title":{"rendered":"El\u00e9rhet\u0151s\u00e9gek:"},"content":{"rendered":"\n<p><\/p>\n\n\n\n<div class=\"wp-block-columns is-layout-flex wp-container-3 wp-block-columns-is-layout-flex\">\n<div class=\"wp-block-column is-layout-flow wp-block-column-is-layout-flow\">\n<p class=\"has-headings-color has-text-color\" style=\"font-size:23px\">Karcagi Kov\u00e1ts Mih\u00e1ly \u00c1ltal\u00e1nos Iskola:<br>C\u00edm: 5300 Karcag, K\u00e1lvin utca 9.<br>email: iskola.karcag@karcagitk.hu<br>Telefon: 06 59 503 417<\/p>\n\n\n\n<iframe src=\"https:\/\/www.google.com\/maps\/embed?pb=!4v1694356943466!6m8!1m7!1sd-jFIxHTJbSwSByFWDc_WQ!2m2!1d47.31601591437222!2d20.92197943835206!3f251.60685976543488!4f8.40591290273683!5f0.7820865974627469\" width=\"600\" height=\"450\" style=\"border:0;\" allowfullscreen=\"\" loading=\"lazy\" referrerpolicy=\"no-referrer-when-downgrade\"><\/iframe>\n<\/div>\n\n\n\n<div class=\"wp-block-column is-layout-flow wp-block-column-is-layout-flow\">\n<p class=\"has-headings-color has-text-color\" style=\"font-size:23px\">Karcagi Kov\u00e1ts Mih\u00e1ly \u00c1ltal\u00e1nos Iskola Kiskulcsosi \u00c1ltal\u00e1nos Iskol\u00e1ja:<br>C\u00edm: 5300 Karcag, Kis\u00fajsz\u00e1ll\u00e1si \u00fat 112.<br>email: iskola.kiskulcsos.karcag@karcagitk.hu<br>Telefon: 06 59 503 126<\/p>\n\n\n\n<iframe src=\"https:\/\/www.google.com\/maps\/embed?pb=!4v1694594041334!6m8!1m7!1s92s0MaCUviXjNQavpQFOCw!2m2!1d47.29857635399169!2d20.89669522556976!3f127.67914243082689!4f-10.760321065156162!5f0.7820865974627469\" width=\"600\" height=\"450\" style=\"border:0;\" allowfullscreen=\"\" loading=\"lazy\" referrerpolicy=\"no-referrer-when-downgrade\"><\/iframe>\n<\/div>\n<\/div>\n\n\n\n<p class=\"has-large-font-size\">T\u00e9rk\u00e9p:<\/p>\n\n\n\n<div class=\"wp-block-columns is-layout-flex wp-container-6 wp-block-columns-is-layout-flex\">\n<div class=\"wp-block-column is-layout-flow wp-block-column-is-layout-flow\">\n<iframe src=\"https:\/\/www.google.com\/maps\/embed?pb=!1m18!1m12!1m3!1d2704.9089177983574!2d20.919124711766226!3d47.3161178710444!2m3!1f0!2f0!3f0!3m2!1i1024!2i768!4f13.1!3m3!1m2!1s0x4746d1b42c3fbcc9%3A0x2a5ef192c74758a9!2zS2FyY2FnaSBLb3bDoXRzIE1paMOhbHkgw4FsdGFsw6Fub3MgSXNrb2xh!5e0!3m2!1shu!2shu!4v1694591924523!5m2!1shu!2shu\" width=\"600\" height=\"450\" style=\"border:0;\" allowfullscreen=\"\" loading=\"lazy\" referrerpolicy=\"no-referrer-when-downgrade\"><\/iframe>\n<\/div>\n\n\n\n<div class=\"wp-block-column is-layout-flow wp-block-column-is-layout-flow\">\n<iframe src=\"https:\/\/www.google.com\/maps\/embed?pb=!1m18!1m12!1m3!1d5411.6134616037725!2d20.89669522556976!3d47.29857635399169!2m3!1f0!2f0!3f0!3m2!1i1024!2i768!4f13.1!3m3!1m2!1s0x4746d0660b7af17d%3A0x4fa2ce3edac14c18!2zS2FyY2FnaSBLb3bDoXRzIE1paMOhbHkgw4FsdGFsw6Fub3MgSXNrb2xhIEtpc2t1bGNzb3NpIMOBbHRhbMOhbm9zIElza29sw6FqYQ!5e0!3m2!1shu!2shu!4v1694594127642!5m2!1shu!2shu\" width=\"600\" height=\"450\" style=\"border:0;\" allowfullscreen=\"\" loading=\"lazy\" referrerpolicy=\"no-referrer-when-downgrade\"><\/iframe>\n<\/div>\n<\/div>\n\n\n\n<p><strong>Nyitvatart\u00e1si rend<\/strong>: Az Nkt. 27 \u00a7 (2) bekezd\u00e9se alapj\u00e1n a Karcagi Kov\u00e1ts Mih\u00e1ly \u00c1ltal\u00e1nos Iskola \u00e9s Kiskulcsosi \u00c1ltal\u00e1nos Iskol\u00e1ja nyitvatart\u00e1si rendje (h\u00e9tf\u0151t\u0151l p\u00e9ntekig 7:00-t\u00f3l 18:00-ig) szerint, vagy addig, am\u00edg a tanul\u00f3k jogszer\u0171en tart\u00f3zkodnak az int\u00e9zm\u00e9nyben, gondoskodik a tanul\u00f3k fel\u00fcgyelet\u00e9r\u0151l. 16 \u00f3ra ut\u00e1n a tanul\u00f3k fel\u00fcgyelet\u00e9t nevel\u0151-oktat\u00f3 munk\u00e1t k\u00f6zvetlen\u00fcl seg\u00edt\u0151 munkak\u00f6rben foglalkoztatottak l\u00e1thatj\u00e1k el. <\/p>\n","protected":false},"excerpt":{"rendered":"<p>Karcagi Kov\u00e1ts Mih\u00e1ly \u00c1ltal\u00e1nos Iskola:C\u00edm: 5300 Karcag, K\u00e1lvin utca 9.email: iskola.karcag@karcagitk.huTelefon: 06 59 503 417 Karcagi Kov\u00e1ts Mih\u00e1ly \u00c1ltal\u00e1nos Iskola Kiskulcsosi \u00c1ltal\u00e1nos Iskol\u00e1ja:C\u00edm: 5300 Karcag, Kis\u00fajsz\u00e1ll\u00e1si \u00fat 112.email: iskola.kiskulcsos.karcag@karcagitk.huTelefon: 06 59 503 126 T\u00e9rk\u00e9p: Nyitvatart\u00e1si rend: Az Nkt. 27 \u00a7 (2) bekezd\u00e9se alapj\u00e1n a Karcagi Kov\u00e1ts Mih\u00e1ly \u00c1ltal\u00e1nos Iskola \u00e9s &hellip;<\/p>\n","protected":false},"author":1,"featured_media":0,"parent":0,"menu_order":0,"comment_status":"closed","ping_status":"closed","template":"","meta":{"footnotes":""},"_links":{"self":[{"href":"https:\/\/altisk-karcag.hu\/index.php?rest_route=\/wp\/v2\/pages\/2111"}],"collection":[{"href":"https:\/\/altisk-karcag.hu\/index.php?rest_route=\/wp\/v2\/pages"}],"about":[{"href":"https:\/\/altisk-karcag.hu\/index.php?rest_route=\/wp\/v2\/types\/page"}],"author":[{"embeddable":true,"href":"https:\/\/altisk-karcag.hu\/index.php?rest_route=\/wp\/v2\/users\/1"}],"replies":[{"embeddable":true,"href":"https:\/\/altisk-karcag.hu\/index.php?rest_route=%2Fwp%2Fv2%2Fcomments&post=2111"}],"version-history":[{"count":11,"href":"https:\/\/altisk-karcag.hu\/index.php?rest_route=\/wp\/v2\/pages\/2111\/revisions"}],"predecessor-version":[{"id":2219,"href":"https:\/\/altisk-karcag.hu\/index.php?rest_route=\/wp\/v2\/pages\/2111\/revisions\/2219"}],"wp:attachment":[{"href":"https:\/\/altisk-karcag.hu\/index.php?rest_route=%2Fwp%2Fv2%2Fmedia&parent=2111"}],"curies":[{"name":"wp","href":"https:\/\/api.w.org\/{rel}","templated":true}]}}

Elérhetőségek:

<p></p>



<div class="wp-block-columns is-layout-flex wp-container-3 wp-block-columns-is-layout-flex">
<div class="wp-block-column is-layout-flow wp-block-column-is-layout-flow">
<p class="has-headings-color has-text-color" style="font-size:23px">Karcagi Kováts Mihály Általános Iskola:<br>Cím: 5300 Karcag, Kálvin utca 9.<br>email: iskola.karcag@karcagitk.hu<br>Telefon: 06 59 503 417</p>



<iframe src="https://www.google.com/maps/embed?pb=!4v1694356943466!6m8!1m7!1sd-jFIxHTJbSwSByFWDc_WQ!2m2!1d47.31601591437222!2d20.92197943835206!3f251.60685976543488!4f8.40591290273683!5f0.7820865974627469" width="600" height="450" style="border:0;" allowfullscreen="" loading="lazy" referrerpolicy="no-referrer-when-downgrade"></iframe>
</div>



<div class="wp-block-column is-layout-flow wp-block-column-is-layout-flow">
<p class="has-headings-color has-text-color" style="font-size:23px">Karcagi Kováts Mihály Általános Iskola Kiskulcsosi Általános Iskolája:<br>Cím: 5300 Karcag, Kisújszállási út 112.<br>email: iskola.kiskulcsos.karcag@karcagitk.hu<br>Telefon: 06 59 503 126</p>



<iframe src="https://www.google.com/maps/embed?pb=!4v1694594041334!6m8!1m7!1s92s0MaCUviXjNQavpQFOCw!2m2!1d47.29857635399169!2d20.89669522556976!3f127.67914243082689!4f-10.760321065156162!5f0.7820865974627469" width="600" height="450" style="border:0;" allowfullscreen="" loading="lazy" referrerpolicy="no-referrer-when-downgrade"></iframe>
</div>
</div>



<p class="has-large-font-size">Térkép:</p>



<div class="wp-block-columns is-layout-flex wp-container-6 wp-block-columns-is-layout-flex">
<div class="wp-block-column is-layout-flow wp-block-column-is-layout-flow">
<iframe src="https://www.google.com/maps/embed?pb=!1m18!1m12!1m3!1d2704.9089177983574!2d20.919124711766226!3d47.3161178710444!2m3!1f0!2f0!3f0!3m2!1i1024!2i768!4f13.1!3m3!1m2!1s0x4746d1b42c3fbcc9%3A0x2a5ef192c74758a9!2zS2FyY2FnaSBLb3bDoXRzIE1paMOhbHkgw4FsdGFsw6Fub3MgSXNrb2xh!5e0!3m2!1shu!2shu!4v1694591924523!5m2!1shu!2shu" width="600" height="450" style="border:0;" allowfullscreen="" loading="lazy" referrerpolicy="no-referrer-when-downgrade"></iframe>
</div>



<div class="wp-block-column is-layout-flow wp-block-column-is-layout-flow">
<iframe src="https://www.google.com/maps/embed?pb=!1m18!1m12!1m3!1d5411.6134616037725!2d20.89669522556976!3d47.29857635399169!2m3!1f0!2f0!3f0!3m2!1i1024!2i768!4f13.1!3m3!1m2!1s0x4746d0660b7af17d%3A0x4fa2ce3edac14c18!2zS2FyY2FnaSBLb3bDoXRzIE1paMOhbHkgw4FsdGFsw6Fub3MgSXNrb2xhIEtpc2t1bGNzb3NpIMOBbHRhbMOhbm9zIElza29sw6FqYQ!5e0!3m2!1shu!2shu!4v1694594127642!5m2!1shu!2shu" width="600" height="450" style="border:0;" allowfullscreen="" loading="lazy" referrerpolicy="no-referrer-when-downgrade"></iframe>
</div>
</div>



<p><strong>Nyitvatartási rend</strong>: Az Nkt. 27 § (2) bekezdése alapján a Karcagi Kováts Mihály Általános Iskola és Kiskulcsosi Általános Iskolája nyitvatartási rendje (hétfőtől péntekig 7:00-tól 18:00-ig) szerint, vagy addig, amíg a tanulók jogszerűen tartózkodnak az intézményben, gondoskodik a tanulók felügyeletéről. 16 óra után a tanulók felügyeletét nevelő-oktató munkát közvetlenül segítő munkakörben foglalkoztatottak láthatják el. </p>

<p>Karcagi Kováts Mihály Általános Iskola:Cím: 5300 Karcag, Kálvin utca 9.email: iskola.karcag@karcagitk.huTelefon: 06 59 503 417 Karcagi Kováts Mihály Általános Iskola Kiskulcsosi Általános Iskolája:Cím: 5300 Karcag, Kisújszállási út 112.email: iskola.kiskulcsos.karcag@karcagitk.huTelefon: 06 59 503 126 Térkép: Nyitvatartási rend: Az Nkt. 27 § (2) bekezdése alapján a Karcagi Kováts Mihály Általános Iskola és &hellip;</p>
